 be d(9). Determine n(x).
-4
Let h(y) = 11*y**3 + 15*y**2 - 2*y - 25. Let x(j) = 4*j**3 + 5*j**2 - j - 9. Let q(o) = -3*h(o) + 8*x(o). Calculate q(-3).
-9
Let k(u) = -5*u**2 + 5*u**2 - 5 + u - u**2 + 4*u. Let f = 2 - 0. Let x = f + 3. What is k(x)?
-5
Let p(x) = x - 1. Suppose -4*d = d + 10. Suppose -2*w + 7*w - 48 = 2*n, 3*n - 4 = -2*w. Let v be w/(-20) + d/(-5). What is p(v)?
-1
Let a(p) = -3*p**2 + 11*p + 3. Let b(l) = -6 - 9*l - 23*l - 1 + 8*l**2 - 1. Let j(s) = -11*a(s) - 4*b(s). Give j(-7).
-1
Let f(d) = d**2 - 4*d - 6. Let v(g) = -2*g - 7. Let s(b) = 2 + 13 + 0*b + 3*b. Let u be s(-7). Let a be v(u). Determine f(a).
-1
Let i(g) be the third derivative of g**6/120 - g**5/10 - 7*g**4/24 - g**3/6 - 6*g**2 - 7*g. Give i(7).
-1
Suppose -5*k - 3*l + 32 = 0, 2*k + l = 4*l + 17. Let a(z) = -z - 12. Determine a(k).
-19
Let t(c) = -c - 4. Let s(l) = 14*l + 16. Let v(j) = -s(j) - 5*t(j). What is v(-2)?
22
Let q(j) = -j**2 + 8*j + 7. Let g be q(8). Let p be g/3 - (-20)/30. Let x(k) = -k**2 + 2. Calculate x(p).
-7
Let h(y) = y**2 + 7*y + 10. Let j = 502 - 506. Give h(j).
-2
Let h(d) = d + 10. Let y be h(-5). Let l(f) = -7*f**2 - 4*f - 7 - y*f - f**2 - f**3. Let z be (4 - (7 + -7)) + (0 - 11). What is l(z)?
7
Let u(l) be the first derivative of 1 + 2*l + 2/3*l**3 + 1/4*l**4 - 1/2*l**2. Let a = -1579 - -1576. Calculate u(a).
-4
Let x = -1100 - -1095. Let r(z) = -z**3 - 5*z**2 + 9. Calculate r(x).
9
Let o(a) = -3*a + 4. Let t(q) be the second derivative of q**5/20 - q**4/6 - 5*q. Let g be t(2). Suppose 5*j + 4 - 19 = g. What is o(j)?
-5
Let c be (-1)/(-3) + (3 - (-354)/18). Suppose -c = u - 28. Let n(x) = x**2 - 7*x + 2. Give n(u).
-8
Let z(q) = -3*q + 2*q**2 + 0*q + 1 + 6*q - 4*q**2 - q**2. Determine z(2).
-5
Let p(z) be the third derivative of -z**5/60 + 13*z**4/24 - 5*z**3/3 + 4*z**2 - 21. Give p(12).
2
Let m = 105 + -35. Suppose -7*a + m = -0*a. Suppose -a = -4*w - 2*g, g + 2 = -0*w + 5*w. Let k(n) = 16*n**2 - 1. What is k(w)?
15
Suppose -v - 3*n + 87 = 2*v, 3*v + n = 77. Let a be (-8)/12*6 - v. Let h = 29 + a. Let q(j) = -3*j**2. Give q(h).
-3
Let g(j) be the second derivative of 1/6*j**3 + 1/12*j**4 + 0 - 1/12*j**5 - j + 3*j**2. Let v(p) be the first derivative of g(p). Calculate v(-1).
-6
Let x(c) = -c + 8. Let t be x(-7). Let n(d) = -t*d + 32*d + 8 - 20*d. Calculate n(6).
-10
Let s(j) = -2 + 23*j - 11*j - 7*j - 6*j. Let t(y) = -5*y + 1. Let c(g) = 4*s(g) - t(g). Let r(m) = m - 5. Let k be r(5). Give c(k).
-9
Let i be (-21)/(-9) + (-4)/(-6). Let g(s) = s**2 - 2*s - 3. Let k be g(i). Let t(w) = w - 1. What is t(k)?
-1
Let b = 20 - 20. Let y = b + -5. Let g(o) = 5*o - 1 + 2*o**2 - o**2 - 3 + 0*o. What is g(y)?
-4
Let h(p) = -17*p**2 - 2*p - 1. Let y = 76 - 77. Give h(y).
-16
Let r(b) = -b**3 - b**2 - 2*b + 2. Suppose 0 = -0*a - 2*a - 2. Let f(n) = n**3 - n**2. Let u(x) = a*r(x) - 2*f(x). Calculate u(4).
-10
Let a(b) = -11*b**3 + 2 + 2*b + 5*b**3 - 14*b**2 + 15*b**2 + 2*b**3. What is a(-2)?
34
Let d be (-156)/(-18) - 2/3. Let v(i) = i**2 - i - 1. Let o(q) = 3*q**2 - 7*q - 11. Let m(c) = o(c) - 2*v(c). What is m(d)?
15
Let v(c) = -c - 8. Let k(o) = -16*o**2 - 4*o + 4. Let p be k(1). What is v(p)?
8
Let r(d) = -5 + 1 + 6*d - 1 - 7*d - 5. What is r(-6)?
-4
Let x(l) = -l + 5. Let o(w) = -2. Let t(f) = 6*o(f) + 3*x(f). Calculate t(3).
-6
Let f be (28/(-21))/((-4)/6). Suppose f = k + 1. Let i(q) = -13*q + 1. What is i(k)?
-12
Let n = -950 - -942. Let j = -3 - -14. Let d(b) = -2*b + j + 0*b + 3*b. What is d(n)?
3
Let i(p) = 32*p**2 - 38*p**2 - 67*p - p**3 + 65*p. What is i(-6)?
12
Suppose 2*l - a = -7, 5*a = 42*l - 37*l + 20. Let s(p) = -p**3 - 3*p**2 - 3*p + 3. Determine s(l).
12
Let o(c) = -c**2 + c + 9. Suppose -4*j - 16 = -0. Let g be 3 + 2/j*-2. Let x be o(g). Let z(u) = -u**2 - 5*u - 3. What is z(x)?
3
Let p be (-3 - -9)/(4/6). Let t(i) = 3 - i + 0 + 0 + 4. Calculate t(p).
-2
Let j(z) = 4*z + 6. Let n be j(0). Let m be n - (6/2 - 2)/(-1). Let x(k) = -k**2 + 8*k - 1. Calculate x(m).
6
Suppose 2*c + 3*x - 27 - 3 = 0, -57 = -5*c - 3*x. Let m be c/(-6)*2*-9. Suppose -m + 11 = 4*q. Let r(y) = y + 3. Give r(q).
-1
Let f(r) = -r**2 - 10*r - 4. Let p be f(-9). Suppose -3*h + 30 = p*k, 3*k - 5*h - 13 = 5. Let a(c) = 0 + 2*c - 6 - 1. Calculate a(k).
5
Let k(q) = -q**2 - 12*q + 19. Let z be k(-13). Let h = -14 + z. Let i(p) = 2*p + 12. Determine i(h).
-4
Let f(x) = 0 + 1 - 5 - 2 + 8*x. What is f(2)?
10
Let w(n) be the first derivative of n**4/4 + 4*n**3/3 - 5*n**2/2 + 6*n + 572. Calculate w(-6).
-36
Let u(t) = -t**2 + t + 2. Suppose -5*y + h - 9 = 0, 6*h = -2*y + 7*h - 3. Calculate u(y).
-4
Let i = 12 + -9. Let d(z) be the third derivative of -1/60*z**5 - i*z**2 - 7/24*z**4 + 0 - z**3 + 0*z. What is d(-6)?
0
Let l(r) = r - 3. Let s(h) = -2*h**2 - h - 3. Let w(f) = 2*l(f) - s(f). Give w(-3).
6
Let u(m) be the second derivative of m**4/6 - 19*m**3/6 - 9*m**2/2 + 17*m + 6. Give u(9).
-18
Suppose 11*t - 7*t + 40 = 0. Let f(q) = 0 - 1 - 15*q + 5*q - q**2 + 0*q**2. Give f(t).
-1
Let v(y) = y**2 - 35 + 25 + 20 - 10*y + 5*y. Calculate v(6).
16
Let r(v) = v**3 + 5*v**2 + v + 1. Let j be 4/5*55/2. Let t(i) = i**3 - 22*i**2 - 49*i + 41. Let b be t(24). Let w = b - j. Determine r(w).
-4
Let t(a) = a**3 + 8*a**2 - 8*a + 11. Let f be t(-9). Suppose f*z - 10 = -2. Suppose 0 = -z*x + x - 9. Let v(h) = 3*h + 3. Determine v(x).
-6
Let y(q) = 11*q - 5*q + 214 - 210 - 5*q. Suppose 2*l = 5*l + 3. Let b = l + 1. Give y(b).
4
Let f(d) = 2*d - 8. Let z = -271 + 271. What is f(z)?
-8
Suppose 0*g - 2*v = -4*g - 88, g + 17 = 3*v. Let a = g + 20. Let x(n) = n**3 + 3*n**2 - n + 1. Calculate x(a).
4
Suppose -9*p + 14*p - 120 = 0. Let q = p + -17. Let u(d) = d - 5. What is u(q)?
2
Let f = -886 + 879. Let h(q) = 2*q + 7. Give h(f).
-7
Let a(s) = s**3 - 10*s**2 + 9*s + 1. Let i(v) = -v**2 - 12*v - 13. Let y be i(-15). Let x = y - -67. Calculate a(x).
1
Let z(n) = -n**3 + 6*n**2 + 4*n + 10. Let w(u) = 9*u + 8. Let m(h) = -8*h - 9. Let j(d) = 5*m(d) + 4*w(d). Let t be j(-5). Determine z(t).
-11
Let m(g) = -g**3 + g - 11. Let i(k) = -k**2 + 11*k - 6. Let p be i(10). Let v be 6*p/12 - 2. Suppose -2*u + 3*u = v. Calculate m(u).
-11
Let j = 159 - 158. Let b(w) = 3*w**3 - j + 2*w**2 - 6*w**3 - 9*w**3. Determine b(-1).
13
Suppose 37*z = -239 + 91. Let w(h) = 2*h**2 + 6*h - 8. Give w(z).
0
Let m be (-32)/12 + (-6)/(-9). Let d(p) = -2*p**2 + 1. Calculate d(m).
-7
Let r(b) be the first derivative of b**4/4 + b**3/3 + b**2/2 + 6. Let x be (-42)/24 + 3/(-12). What is r(x)?
-6
Let s be 6/(-12) - (-12)/8. Let u(t) = 11*t**3 + t**2 - 2*t + 1. What is u(s)?
11
Let l = -25 - -79. Let a = 90 - l. Let q = a - 35. Let y(g) = -6*g**2 + g - 1. Determine y(q).
-6
Let t(y) = 4*y**2 + 8*y + 12. Let h(m) = -5*m**2 - 9*m - 13. Let q(z) = 3*h(z) + 4*t(z). Calculate q(-7).
23
Let m = -35 - -42. Let w(j) = -j**2 - m*j**2 + j + 9*j**2 - 2. Determine w(0).
-2
Let u(j) = 4*j**2 - 3*j**2 - 1 + 7 - 4*j. Suppose 24 = 5*p - 96. Suppose 8 + p = 4*s + 4*k, 3*s + 4*k - 28 = 0. Calculate u(s).
6
Let o(t) = -4*t**3 - 2*t**2 - t - 1. Let d be ((-32)/(-30))/8 + (-96)/45. Give o(d).
25
Suppose 5*m = q, -2*q + q = 3*m. Let o(x) = -9*x**2 + 7*x**2 + 9 + 2*x**2 - x + x**2. What is o(m)?
9
Suppose 4 = 4*t + 8. Let j(k) be the third derivative of -k**6/15 + k**5/60 - k**4/24 - k**3/6 + 23*k**2. Give j(t).
9
Let r(k) = k**2 - 23*k + 6. Let j(g) = -g**2 + 10*g - 1. Let a(w) = 2*j(w) + r(w). Suppose 1 - 4 = 3*v - 3*y, 3*y = v - 9. Determine a(v).
-14
Let w(d) = -d**3 - 10*d**2 + 11*d - 3. Let k(g) = -g**2 + 8*g + 22. Let f be k(-3). What is w(f)?
-3
Let r be (-9)/(-1)*184/207. Let b(w) = w**3 - 12*w**2 - 14*w + 7. Let s(q) = -q**2 - q - 1. Let x(v) = b(v) - 5*s(v). Calculate x(r).
4
Let p(x) = x**2 + 7*x + 3. Let s be p(-7). Let y(k) = 1 - 2*k - k**2 + s*k + 2*k - k. Give y(-2).
-7
Let y be 1/(49/(-14)) + (-27)/(-21). Let g(f) = -3*f - 1 - 11*f + 2*f. Give g(y).
-13
Suppose -5*w + 6*m = 3*m + 18, 0 = 2*w - 3*m. Let i(v) = -v**3 - 7*v**2 - 5*v + 1. What is i(w)?
-5
Let m(z) = 3 - 6 + z**2 - 2*z + 6*z. Let n(b) = 3*b - 85. Let j be n(30). Suppose 0 = 4*p - p + j*k + 23, -k - 7 = p. Determine m(p).
9
Let k(m) = m**3 + 4*m**2 - 3*m + 6. Suppose -11 = 5*g - 221. Let h be 37/(-7) + 12/g. Give k(h).
-4
Let b(o) be the first derivative of 2*o**2 + 